{"id":37,"date":"2022-03-15T20:45:36","date_gmt":"2022-03-16T01:45:36","guid":{"rendered":"https:\/\/gadnatabuela.gob.ec\/gadNatabuela\/?page_id=37"},"modified":"2025-09-20T07:05:26","modified_gmt":"2025-09-20T12:05:26","slug":"actividad-turistica","status":"publish","type":"page","link":"https:\/\/gadnatabuela.gob.ec\/gadNatabuela\/actividad-turistica\/","title":{"rendered":"ACTIVIDAD TUR\u00cdSTICA"},"content":{"rendered":"<p>\u00a0<\/p>\n<p lang=\"es\">La disfunci\u00f3n er\u00e9ctil es un problema que afecta a millones de hombres en todo el mundo, y su prevalencia aumenta con la edad. De hecho, se estima que alrededor del 50% de los hombres mayores de 40 a\u00f1os experimentan alg\u00fan grado de este problema. Es interesante se\u00f1alar que factores como el estr\u00e9s, la ansiedad y problemas de salud subyacentes, como enfermedades cardiovasculares, pueden contribuir significativamente a esta condici\u00f3n. Muchos hombres buscan soluciones, y algunos consideran la opci\u00f3n de medicamentos para ayudar en esta situaci\u00f3n. Por ejemplo, hay quienes investigan sobre c\u00f3mo \u00bb para abordar problemas relacionados con la salud prost\u00e1tica, que a menudo est\u00e1n interconectados con la disfunci\u00f3n er\u00e9ctil. Sin embargo, siempre es recomendable consultar a un m\u00e9dico antes de iniciar cualquier tratamiento.<\/p>\n<p><strong>ACTIVIDADES TUR\u00cdSTICAS<\/strong><\/p>\n<p>\u00a0<\/p>\n<p style=\"text-align: center;\"><strong><em>\u200d<\/em><\/strong>La parroquia de Natabuela se caracteriza por presentar una diversidad de sitios de alojamiento a turistas de diferentes ciudades, entre los principales establecimientos se tiene a laHoster\u00eda Natabuela, Pueblo Viejo, entre otros, que tambi\u00e9n brindan servicios de alimentaci\u00f3n y eventos sociales; de igual forma se cuenta con una serie de caba\u00f1as y moteles que se distribuyen a lo largo de la localidad.<\/p>\n<p>Adem\u00e1s el sector gastron\u00f3mico es muy popular en la parroquia debido a que a existen restaurantes de comidas t\u00edpicas como es La Parrillada del Che, La Estancia de Natabuela, Cuyes el Serranito, Asadero de Cuyes Natabuela, Los Tres Guabos y una variedad de puestos de fritadas que se encuentran principalmente distribuidos a lo largo de la autov\u00edaIbarra-Otavalo, tambi\u00e9n se cuenta con la Finca Tem\u00e1tica Santa Eulalia que a parte del servicio de restaurante brinda espacios deportivos, recreativos y de convivencia con algunas especies de fauna.<\/p>\n<p>Este potencial tur\u00edstico abarca el patrimonio cultural de la parroquia, a nivel intangible el cual da a conocer las jornadas<\/p>\n<p>\u00a0<\/p>\n<p style=\"text-align: center;\">de festividades que se realizan en cada uno de los barrios y comunidades a lo largo del a\u00f1o, donde acoge a una diversidad de turistas de distintas ciudades; los principales eventos que se realizan en la localidad es la \u201cSemana Santa\u201d,la cual se caracteriza principalmente por realizar el Via Crucis que interpreta las 14 estaciones de Jes\u00fas antes de ser crucificado.<\/p>\n<p>Las fiestas del Inti Raymi en el mes de junio donde el pueblo Natabuela realiza eventos rituales y culturales en agradecimiento a la Madre Tierra por las cosechas recibidas en el solsticio de verano y las fiestas de parroquializaci\u00f3n ejecutadas en el mes de octubre donde se evidencia eventos como el preg\u00f3n de la alegr\u00eda, coronaci\u00f3n de la reina, quema del castillo y chamiza, paseo del chagra y una gran cantidad de jornadas musicales, art\u00edsticas y bailables que atrae a propios y extranjeros. Por lo cual se debe considerar que en este aspecto el potencial tur\u00edstico de la parroquia es sumamente grande, algo que no se ha explotado de manera t\u00e9cnica, sino m\u00e1s bien se ha realizado en base a propuestas particulares moment\u00e1neas, por ende se requiere fortalecer este aspecto con el fin de impulsar emprendimiento locales<\/p>\n<style>\/*! elementor - v3.5.6 - 28-02-2022 *\/\n.elementor-widget-image{text-align:center}.elementor-widget-image a{display:inline-block}.elementor-widget-image a img[src$=\".svg\"]{width:48px}.elementor-widget-image img{vertical-align:middle;display:inline-block}<\/style>\n<p>\t\t\t\t\t\t\t\t\t\t\t\t<img decoding=\"async\" src=\"https:\/\/gadnatabuela.gob.ec\/gadNatabuela\/wp-content\/uploads\/elementor\/thumbs\/hosteria_Natabuela-pm405rwom5mm5h886x3hetjtphfrkcv65hcmr8soqk.png\" title=\"hosteria_Natabuela\" alt=\"hosteria_Natabuela\" \/><br \/>\n\t\t\t\t\t\t\t\t\t\t\t\t<img decoding=\"async\" src=\"https:\/\/gadnatabuela.gob.ec\/gadNatabuela\/wp-content\/uploads\/elementor\/thumbs\/pueblo-viejo-pm406habqolcuy7d2q2es559qvyoc6nx8yyqppr22k.png\" title=\"pueblo viejo\" alt=\"pueblo viejo\" \/><\/p>\n","protected":false},"excerpt":{"rendered":"<p>\u00a0 La disfunci\u00f3n er\u00e9ctil es un problema que afecta a millones de hombres en todo el mundo, y su prevalencia aumenta con la edad. De hecho, se estima que alrededor del 50% de los hombres mayores de 40 a\u00f1os experimentan alg\u00fan grado de este problema. Es interesante se\u00f1alar que factores como el estr\u00e9s, la ansiedad <a class=\"read-more\" href=\"https:\/\/gadnatabuela.gob.ec\/gadNatabuela\/actividad-turistica\/\">Read More<\/a><\/p>\n","protected":false},"author":2,"featured_media":0,"parent":0,"menu_order":0,"comment_status":"closed","ping_status":"open","template":"","meta":{"footnotes":""},"class_list":["post-37","page","type-page","status-publish","hentry"],"_links":{"self":[{"href":"https:\/\/gadnatabuela.gob.ec\/gadNatabuela\/wp-json\/wp\/v2\/pages\/37","targetHints":{"allow":["GET"]}}],"collection":[{"href":"https:\/\/gadnatabuela.gob.ec\/gadNatabuela\/wp-json\/wp\/v2\/pages"}],"about":[{"href":"https:\/\/gadnatabuela.gob.ec\/gadNatabuela\/wp-json\/wp\/v2\/types\/page"}],"author":[{"embeddable":true,"href":"https:\/\/gadnatabuela.gob.ec\/gadNatabuela\/wp-json\/wp\/v2\/users\/2"}],"replies":[{"embeddable":true,"href":"https:\/\/gadnatabuela.gob.ec\/gadNatabuela\/wp-json\/wp\/v2\/comments?post=37"}],"version-history":[{"count":20,"href":"https:\/\/gadnatabuela.gob.ec\/gadNatabuela\/wp-json\/wp\/v2\/pages\/37\/revisions"}],"predecessor-version":[{"id":8319,"href":"https:\/\/gadnatabuela.gob.ec\/gadNatabuela\/wp-json\/wp\/v2\/pages\/37\/revisions\/8319"}],"wp:attachment":[{"href":"https:\/\/gadnatabuela.gob.ec\/gadNatabuela\/wp-json\/wp\/v2\/media?parent=37"}],"curies":[{"name":"wp","href":"https:\/\/api.w.org\/{rel}","templated":true}]}}