{"id":54,"date":"2022-03-15T20:45:36","date_gmt":"2022-03-16T01:45:36","guid":{"rendered":"https:\/\/gadnatabuela.gob.ec\/gadNatabuela\/?page_id=54"},"modified":"2022-03-21T11:43:20","modified_gmt":"2022-03-21T16:43:20","slug":"vialidad","status":"publish","type":"page","link":"https:\/\/gadnatabuela.gob.ec\/gadNatabuela\/vialidad\/","title":{"rendered":"VIALIDAD"},"content":{"rendered":"<p>\u00a0<\/p>\n<p><strong>VIALIDAD<\/strong><\/p>\n<h2><strong>Proyectos<\/strong><\/h2>\n<p><strong><em>\u201cProtecci\u00f3n del medio ambiente y de los recursos naturales.\u201d<\/em><\/strong><\/p>\n<p>\u200dPrograma de forestaci\u00f3n y \u00a0reforestaci\u00f3n con especies nativas para la conservaci\u00f3n, recuperaci\u00f3n de suelos degradados y del paisaje local en la parte alta de la parroquia, que colinda con el Cerro Imbabura-Barrio Los \u00d3valos. Elaboraci\u00f3n y promoci\u00f3n de un programa de educaci\u00f3n ambiental enfocado a impulsar buenas pr\u00e1cticas ambientales en cada uno de los barrios y comunidades.<\/p>\n<p>Talleres de sensibilizaci\u00f3n y capacitaci\u00f3n para promover la conservaci\u00f3n de los recursos naturales de la parroquia. Manejo y recuperaci\u00f3n integral de la Quebrada Farinango.<\/p>\n","protected":false},"excerpt":{"rendered":"<p>\u00a0 VIALIDAD Proyectos \u201cProtecci\u00f3n del medio ambiente y de los recursos naturales.\u201d \u200dPrograma de forestaci\u00f3n y \u00a0reforestaci\u00f3n con especies nativas para la conservaci\u00f3n, recuperaci\u00f3n de suelos degradados y del paisaje local en la parte alta de la parroquia, que colinda con el Cerro Imbabura-Barrio Los \u00d3valos. Elaboraci\u00f3n y promoci\u00f3n de un programa de educaci\u00f3n ambiental <a class=\"read-more\" href=\"https:\/\/gadnatabuela.gob.ec\/gadNatabuela\/vialidad\/\">Read More<\/a><\/p>\n","protected":false},"author":2,"featured_media":0,"parent":0,"menu_order":0,"comment_status":"closed","ping_status":"closed","template":"","meta":{"footnotes":""},"class_list":["post-54","page","type-page","status-publish","hentry"],"_links":{"self":[{"href":"https:\/\/gadnatabuela.gob.ec\/gadNatabuela\/wp-json\/wp\/v2\/pages\/54","targetHints":{"allow":["GET"]}}],"collection":[{"href":"https:\/\/gadnatabuela.gob.ec\/gadNatabuela\/wp-json\/wp\/v2\/pages"}],"about":[{"href":"https:\/\/gadnatabuela.gob.ec\/gadNatabuela\/wp-json\/wp\/v2\/types\/page"}],"author":[{"embeddable":true,"href":"https:\/\/gadnatabuela.gob.ec\/gadNatabuela\/wp-json\/wp\/v2\/users\/2"}],"replies":[{"embeddable":true,"href":"https:\/\/gadnatabuela.gob.ec\/gadNatabuela\/wp-json\/wp\/v2\/comments?post=54"}],"version-history":[{"count":14,"href":"https:\/\/gadnatabuela.gob.ec\/gadNatabuela\/wp-json\/wp\/v2\/pages\/54\/revisions"}],"predecessor-version":[{"id":1319,"href":"https:\/\/gadnatabuela.gob.ec\/gadNatabuela\/wp-json\/wp\/v2\/pages\/54\/revisions\/1319"}],"wp:attachment":[{"href":"https:\/\/gadnatabuela.gob.ec\/gadNatabuela\/wp-json\/wp\/v2\/media?parent=54"}],"curies":[{"name":"wp","href":"https:\/\/api.w.org\/{rel}","templated":true}]}}